se -4*m = 2*q - 10, -2*q = -q - 2*m + 7. Let w be (4 + -3)*(q + 7). Let i(s) = 4 + s + 3 - 6*s**2 - 1 + 0 + s**3. Calculate i(w).
12
Let z(i) be the second derivative of -7*i**3/6 - 45*i**2/2 + 451*i. Calculate z(-6).
-3
Let y(z) = z**3 - 5*z**2 - 5*z + 1. Let v be y(6). Let p = v - 2. Let u(j) = -7*j**2 + 1 + p*j - 4 - j + 6*j**2. Determine u(3).
0
Let s be ((-21)/((-42)/8))/(-2). Let r(y) = 4*y**2 + 4*y + 2. Give r(s).
10
Let o(j) be the first derivative of j**4/4 - 4*j**3 - 11*j**2/2 + 2*j + 804. Calculate o(13).
28
Let f(d) be the third derivative of 2*d**2 - 2/3*d**3 + 0 + 0*d + 1/12*d**4. Suppose 3*q - 39*q - 249 = 47*q. Calculate f(q).
-10
Let d(p) = p**3 - 6*p**2 + 4*p + 3. Suppose 0 = -6*v - 4*v + 350. Suppose 5*x = -2*x + v. Determine d(x).
-2
Let q be ((-28)/32 - -1)/(5/10). Let u(y) be the second derivative of q*y**4 - 5*y - 3*y**2 - 5/6*y**3 + 1/20*y**5 + 0. Give u(-4).
-2
Let q(f) = -2*f**2 + 3*f - 2. Let m be (-8)/14*28*5/(-40). Determine q(m).
-4
Let s(u) = 2*u - 15. Let l = 1266 - 1273. Calculate s(l).
-29
Let j(i) = -3*i**3 + i**2 - 3*i - 3. Let l = -167 - -165. Calculate j(l).
31
Let f(n) = -n**2 + 18*n + 16. Let b = -38 + 57. Let p be f(b). Let r(t) = -t**2 - 4*t - 4. What is r(p)?
-1
Let j(h) = -h**3 - 6*h**2 + 7*h - 3. Suppose -2*l + 722 = -4*o - 150, -2*l - 3*o + 886 = 0. Let k be l/24 - 1/3. Suppose 5*w = -k - 17. Determine j(w).
-3
Let j(p) = -19 - 12*p + 8*p + 8*p. Let d be j(12). Let c(w) = 27*w - d*w - 3 + 5. Calculate c(5).
-8
Let t(n) = -1 - 30*n**2 - 11 + 36*n**2 + 2*n - n**3. Let k be t(6). Let d(y) = -1 - y**3 - 4 + 2*y**3 + y + y**2. Determine d(k).
-5
Suppose 4*x + d + 32 = -0*x, x + d + 5 = 0. Let o(r) = -5*r + 5. Give o(x).
50
Let p be 3/(21/11) - (-3)/7. Let c(l) = -l**p + 7*l**2 + 2*l**2 - 2*l**2 - 1. Give c(-1).
5
Let w(v) be the second derivative of v**4/12 - 7*v**3/6 - v**2 + 249*v. Determine w(5).
-12
Let c(t) = t**3 - 2*t**2 - 3*t + 2. Let g be c(3). Let a be 4*g/(-16)*-4. Let s(r) = 4*r - 2*r - 17*r**2 + 16*r**a - r. Determine s(-2).
-6
Let q be 67 - 59 - 0/2. Let n(u) = 2*u**2 - 13*u - 20. Determine n(q).
4
Let q be (6 + -3)/((-3)/2). Let n = q - 3. Let j(l) = -2*l**2 - 83 + l**3 + 77 - 2*l + 7*l**2 + 0*l**3. Determine j(n).
4
Suppose -4*y - 18 = 30. Let s(l) = -l - 16. What is s(y)?
-4
Suppose -4*o = o. Let u(f) = -f**3 + 3*f - f**2 + 3*f**2 + o*f**3 - 4*f**2. What is u(-3)?
0
Let h be ((-96)/(-84))/(24/42). Let g(d) be the third derivative of -d**5/30 - d**4/24 + d**3/6 + d**2. Calculate g(h).
-9
Let f(m) = m + 3. Let v(w) = 2*w - 3. Let q be v(3). Let i(c) = -c**2 + 2*c - 4. Let l be i(q). Give f(l).
-4
Let r(k) = k**3 - 2*k**2 + 3*k - 3. Let d be (0 + 2)*(-4 - -5). Let u be r(d). Let h(v) = -3 - u*v + v**2 + 2 + v. What is h(-2)?
7
Let p be (-12)/78 + (534/13)/(-6). Let g(w) = w**3 + 6*w**2 - 6*w + 12. Give g(p).
5
Let f(n) = -13*n**2 + 3*n - 6. Let t(q) = -11*q**2 + 3*q - 5. Let x(s) = -5*f(s) + 6*t(s). Give x(5).
-10
Let w(q) = -q + 5. Let z(j) = 2*j - 29. Let y be z(15). Let m be (-3 - (-2 + y))/((-17)/68). Determine w(m).
-3
Let x(g) = 3*g - 3*g + 2*g - 43 + 48. Determine x(-7).
-9
Let r(d) = -6*d - 20. Let t be r(-4). Let h(p) be the third derivative of 1/60*p**5 + 0*p + 0*p**3 + 1/24*p**4 - t*p**2 + 0. What is h(-3)?
6
Let u(i) = 3*i - 4. Let r(m) = 5*m - 9. Suppose 0 = -3*y + 22 - 1. Let v(n) = y*u(n) - 4*r(n). Let b = 4 - 11. Calculate v(b).
1
Let k(m) = 3*m**3 + 2*m**2 - 13*m + 18. Let z(o) = -2*o**3 - o**2 + 6*o - 8. Let t(x) = 3*k(x) + 7*z(x). Calculate t(2).
-40
Let n(i) be the first derivative of i**6/360 - 3*i**5/40 - i**4/12 + 10*i**3/3 - 25. Let b(v) be the third derivative of n(v). What is b(7)?
-16
Suppose -174 = 6*k - 162. Let v(w) = -4*w - 3. Calculate v(k).
5
Suppose -4 = 3*n - 4*n. Let m(l) be the first derivative of l**4/12 + l**2/2 - 1. Let x(g) be the second derivative of m(g). Give x(n).
8
Let a(x) = x**3 - x**2 - 2*x - 1. Let g be a(2). Let u(y) be the second derivative of y**3/3 + y**2/2 + 917*y. Calculate u(g).
-1
Let c(b) = -b**2 + b. Let x(t) = 4*t**3 - t - 3. Let m(l) = 3*c(l) + x(l). Suppose -2*h + 24 = -5*i, -10*h + 13*h - 22 = 4*i. Determine m(h).
21
Let n(c) = 8*c + 37. Let s be n(-5). Let a(j) = 2*j + 6. Give a(s).
0
Let p(a) = 2 - 823*a**3 + 822*a**3 - 4 - 6*a**2. Calculate p(-6).
-2
Suppose 29*r = 15*r - 322. Let j(o) = -2*o - 40. Give j(r).
6
Let y(f) = -f**3 + f**2. Suppose -2*h = -5*h + 6. Let k(o) = o**3 - 18*o**2 - 19*o - 2. Let j be k(19). Let p be ((-3 - 1)/h)/j. Determine y(p).
0
Let z(c) = 3*c + 3. Let g be (21/9)/7*39. Suppose 0 = 4*m - g - 7. Let j(w) = -4*w - 3. Let p(h) = m*z(h) + 4*j(h). Determine p(5).
-2
Let f(r) be the third derivative of r**5/60 + r**4/24 - 5*r**3/6 - r**2 - 71. Determine f(4).
15
Let a(q) = -q**3 - 5*q**2 - 5*q + 4. Let h = 347 + -351. Give a(h).
8
Let u = 14 + 12. Let i = -24 + u. Let r(s) = -i*s**2 - 3 + 2 + s**3 + 2. Calculate r(3).
10
Let z(j) = 2*j + 8. Suppose -3*x - 8 = -5*x. Let y(q) = -98 + 199 - 107 + 2*q - q**2 + 2*q. Let g be y(x). Determine z(g).
-4
Let z = -17 + 14. Let i be -5 - z - (-12)/2. Let k(s) = -4*s**2 + s**2 + i*s + 4*s**2 + 0*s**2. Determine k(-3).
-3
Let s = -38 + 42. Let r(o) = -2*o**2 - 2*o + 20 - o + 4*o - 18. Calculate r(s).
-26
Let b = -1484 + 1483. Let s(d) = 13*d**3 + d**2 + d + 1. Determine s(b).
-12
Let w(d) be the first derivative of d**4/12 + 13*d**3/6 + d**2/2 - 7. Let s(y) be the second derivative of w(y). Give s(-10).
-7
Let f = -26 + 27. Let m(w) = 15*w - 3*w - 9*w - f. Give m(3).
8
Suppose -v = -4*h + 16, -v - 12 = -6*h + 3*h. Suppose v = z - 8 + 5. Let m(y) = -y**3 + 3*y**2 + y + 4. Calculate m(z).
7
Let a(h) be the third derivative of -h**6/120 + 2*h**5/15 - 7*h**4/24 + h**3/2 + h**2 + 110. Give a(7).
3
Suppose -4*j - 60 = -8*j. Suppose j = 9*a - 4*a. Let y(c) = 1 + c + 4 - a - 4. Determine y(6).
4
Let s(i) = -15 - 3*i - 18 - 12 - i**2 + 46. Give s(-3).
1
Let w(i) = -60*i**2 + 133*i**2 - 2*i + 1 - 61*i**2. Determine w(1).
11
Let l be (-2)/(10/15) + (-20)/(-2). Let z(p) = p**3 - 8*p**2 + 11*p - 9. What is z(l)?
19
Let v(r) be the first derivative of r**4/4 + 7*r**3/3 + 2*r**2 - 7*r - 5. Let u(s) = -s**2 - s + 1. Let f(l) = 3*u(l) + v(l). What is f(-3)?
2
Let b(x) = x**2 - x. Let j be b(0). Let r(d) = d + 2. Let p be r(j). Let v(l) = 2*l**2 + 3 + 4*l - 3*l**p - 4*l. Give v(-3).
-6
Let y be 2*-1 + (-148)/(-37). Let f(v) be the first derivative of -1/2*v**y - 1 - 3*v. Determine f(-2).
-1
Let o(c) = -c**2 + 5*c + 3. Let y(q) = -2*q**2 + 11*q + 6. Let z(k) = -7*o(k) + 3*y(k). Suppose 0 = -856*l + 864*l - 32. Calculate z(l).
5
Let a(h) = -h**3 + 4*h**2 + 4*h - 4. Let s be a(4). Suppose 0*i = 2*i - s. Let z(l) be the first derivative of l**4/4 - 2*l**3 + l**2 + 80. What is z(i)?
12
Suppose 24 = 7*p - 11*p. Let v(y) = 7*y**2 + y + 3. Let m = 11 - 20. Let n(z) = 3*z**2 + 2. Let r(h) = m*n(h) + 4*v(h). Calculate r(p).
6
Let y(a) = -5670 + 4*a**2 + 5670 + 5*a - a**3. What is y(5)?
0
Suppose -10*a + 3*a = -98. Let f(l) = 3 + 2*l + a - 13. Calculate f(-3).
-2
Let l(a) = a**3 - 4*a**2 - 7*a + 7. Let y = 21 + -9. Suppose -4*r + 32 - y = 0. Suppose -r*b + 2*j + 17 + 6 = 0, 3*j = b - 2. Give l(b).
-3
Let j be 0 - 7 - (-10)/10. Let m(g) = -g**2 - 5*g + 5. What is m(j)?
-1
Let o(m) = m + 1. Suppose h + z = 116, -4*z + 224 = -0*h + 2*h. Suppose 0*g - 5*g = h. Let r be g/5 - (-2)/(-10). Give o(r).
-4
Let n(k) be the first derivative of k**3/6 - 11*k**2/2 - 49*k - 44. Let l(p) be the first derivative of n(p). Calculate l(0).
-11
Let l(h) = -2*h**2 - 6 - h + 5*h**2 + 2*h**2 - 4*h**2. Let k(m) = -m**3 + m**2 - m. Let f be k(0). Calculate l(f).
-6
Let d(r) be the third derivative of -r**6/720 + r**5/40 + 5*r**4/12 + 8*r**2. Let i(l) be the second derivative of d(l). Determine i(6).
-3
Let t(a) be the first derivative of -a**3/3 + 6*a**2 - 25*a + 13. Give t(10).
-5
Let j(n) = -n**2 - 2*n - 3. Let b be j(-2). Let h(g) = 38*g + 43*g - 4 + 34*g - 117*g. What is h(b)?
2
Let a(q) = q**2 + 4*q + 3. Suppose 5*z - 80 = 5*n, 3*n + 78 = z + 4*z. Let i = 22 - z. Let o(w) = -3*w**2 - 12*w - 9. Let r(j) = i*a(j) + 2*o(j). Give r(-3).
0
Let b = -69 - -71. Let j(f) = -b - f - f**2 + 0*f**2 + 5 - 1. Determine j(-3).
-4
Let s(b) = -b. Let o be ((-428)/6 + -4)*(-6)/(-4). Let f = o - -107. Determine s(f).
6
Let s(v) =